f n?
3, 23
Let k = 546 - 543. Suppose -k*w = -2*z - 1712, 0*w - 2*w + 1139 = z. What are the prime factors of w?
2, 3, 5, 19
Suppose 584*b - 511887 = 533*b. List the prime factors of b.
10037
Let n(d) = 15*d**3 - 2*d**2 - 13*d - 1. Let r be (-1 - 13)*30/(-105). List the prime factors of n(r).
5, 7
Let t = -1588 - -1590. Let x be (-4)/22 + 4/22. Suppose 3*o - 2*o - 450 = -5*m, -t*m + o + 180 = x. List the prime factors of m.
2, 3, 5
What are the prime factors of -2*(8/(-40) - 0)*14015?
2, 2803
Let b = 6176 - 2226. List the prime factors of b.
2, 5, 79
Let u = -258 + 231. List the prime factors of (-951)/u + (-36)/162.
5, 7
Let t be 2 + -1 - (-1 - -4). Let p be 14/(-8) + 1/(-4). What are the prime factors of t*p/(-20) - 928/(-40)?
23
Let m = -726 + 1139. Let d = 759 - m. List the prime factors of d.
2, 173
Suppose 3*y + 1979 = 4*c, -2*c = -4*y - 0*y - 2632. Let q = y - -1057. What are the prime factors of q?
2, 5
Suppose 5*l + 4*s = 181954, 24*s + 145637 = 4*l + 19*s. List the prime factors of l.
2, 18199
Suppose 0 = i + r - 5, -8 = -4*r - 0*r. Suppose 0 = i*s - 108 - 36. What are the prime factors of s?
2, 3
List the prime factors of 102/(-17)*4336/(-32).
3, 271
Let c be 12/(-66) - (-38)/(-22)*-3. Suppose -y - 8 = -c*y. List the prime factors of 4 + -3 + y + 7*8.
59
Suppose 21*h - 18*h - 13375 = -22*h. What are the prime factors of h?
5, 107
What are the prime factors of (5 - (234424/(-12) + -4)) + (-20)/(-30)?
3, 5, 1303
Suppose -3*v - 104 = j, -4*v - 206 = -4*j - 62. What are the prime factors of -5*3/(-3) - v*35?
2, 3, 5, 41
Let p be (-2 - 0)/(18/(-288)). Let t = p - 29. Suppose -t*o + 89 = 5*f, -f = o + 3*f - 39. List the prime factors of o.
23
Let l(k) = -k**3 - 80*k**2 - 777*k - 35. What are the prime factors of l(-70)?
3, 5, 7, 17
Let a be 108/(-6 + 7 - (-15)/(-24)). Suppose -q + 1 = 0, 0 = 5*n - 2*q + a - 7426. What are the prime factors of n?
2, 3, 7, 17
What are the prime factors of (((-3600)/(-140))/(-18)*(-77966)/4)/1?
5, 5569
Suppose 2*m - 4 = 4*c, m + m = 2*c + 2. Let x be (c/1*1)/((-1)/66). Suppose v + 3*n = 6, -4*v - n = -3*n - x. What are the prime factors of v?
3, 5
What are the prime factors of -30 - -46 - (-8 + -28326)?
2, 3, 5, 7
Let y be (6/(-1))/(-3) - 4/2. Suppose y = 3*h - 136 - 95. Suppose h = 3*p - 3*v - 157, -3*p = 5*v - 274. List the prime factors of p.
83
Suppose -3*a = 11*a - 18*a + 65192. List the prime factors of a.
2, 29, 281
Let i be (-5)/((-40)/(-76))*-6. Suppose 2*z - 63 = -i. What are the prime factors of (z - 6)/((-3)/37)?
37
Suppose 200820 = 7*q - 3*o - 65789, 38087 = q - 3*o. List the prime factors of q.
7, 5441
Let h = 25135 + -5557. List the prime factors of h.
2, 3, 13, 251
Let a(v) = -222*v**3 - 3*v**2 - 38*v - 57. What are the prime factors of a(-4)?
5, 2851
Let i = -4459 + 7267. Let z = -1696 + i. What are the prime factors of z?
2, 139
Let i(q) = -q**2 - 11*q + 86. List the prime factors of i(0).
2, 43
Let h(c) = c**3 - 17*c**2 - 15*c - 44. Let o be h(18). Suppose 9*v - 8 = o. Suppose 0 = -5*z - 4*k + 640, 4*z - 521 = v*k - 35. List the prime factors of z.
2, 31
Suppose 3*d - 1 = -5*b, 4*d + 0*d + 6 = -3*b. Suppose v - 3*s = -9 - 4, -v = -b*s + 9. List the prime factors of (13 - -25) + 1*v.
37
Suppose 3*k + 1068 = 3*u, -3*u + 2*u = 2*k + 709. Let z = k - -627. What are the prime factors of z?
2, 17
Let c(l) = 14 + 4659*l + 47 - 4515*l. What are the prime factors of c(6)?
5, 37
Suppose -5*v = -5*h - 6265, 5*h = 6*h + 1. Suppose j - v = 272. What are the prime factors of j?
2, 3, 127
Let z(t) = -t**2 + 186*t + 3514. What are the prime factors of z(93)?
12163
Suppose 9*x - 15*x = -336. Let y be (508/(-14))/((-8)/x). Suppose 21*q + y = 23*q. What are the prime factors of q?
127
Suppose d = 5*y + 481, 3*y + 381 - 1752 = -3*d. Let k = d + -242. What are the prime factors of k?
3, 73
Let d be ((-3)/9)/(1/(-42)). Let f(w) = -w**3 + 13*w**2 + 20*w - 55. What are the prime factors of f(d)?
29
Let g be (-2)/8 - 234/24. Let d(u) = -u**3 - 9*u**2 + 11*u + 25. Let a be d(g). Suppose a*k - 231 = 114. What are the prime factors of k?
23
Let l(b) be the first derivative of 9*b**4/4 - b**3/3 + 3*b**2/2 - b + 17. Let o be l(1). List the prime factors of 3132/45 - (-4)/o.
2, 5, 7
Suppose -556334 = -193*u + 1176034. What are the prime factors of u?
2, 3, 11, 17
Let a = 16363 + -8917. List the prime factors of a.
2, 3, 17, 73
Suppose -n - 327 + 118 = 0. Let g = -11 - n. List the prime factors of g.
2, 3, 11
Suppose 3258 = l - 3*z, 5*z - 5259 = -2*l + 1257. What are the prime factors of l?
2, 3, 181
Suppose 8*s - 882 = -2466. Let u = s - -272. List the prime factors of u.
2, 37
Suppose 4*r + 8725 = o, -2*o + 45*r + 17485 = 44*r. List the prime factors of o.
3, 5, 11, 53
Let b(g) = -19*g**2 - 19*g - 3 + 32 + 0 + g**3. Let f be b(20). Let r = f + 5. List the prime factors of r.
2, 3
Let f be 7 - (7 + -3 - 0/2). Suppose -2*n = 2*t + 4, 4*t = -5*n + f*t + 6. What are the prime factors of 0 + -5 - -103*n?
3, 67
Suppose 0 = 6*o + 125 - 149. What are the prime factors of o + 954/15*5?
2, 7, 23
Let w be ((-1)/(-3)*-1)/((-7)/(-42)). Let l be -12*w*4/24 + -1. Suppose -p + 103 = -3*m, -5*p + 567 = -l*m + m. List the prime factors of p.
5, 23
Suppose -4*o = 8*l - 11*l - 151, -5*o - 253 = 4*l. Suppose 3*f + 2*f + 168 = s, 5*f - 5*s + 160 = 0. Let v = f - l. List the prime factors of v.
23
Let s(g) = 2*g + 26. Let p be s(-10). Suppose -245 = -p*k - 77. Let v = -9 + k. List the prime factors of v.
19
Let r(p) = p**2 - 8*p - 73. Let i be r(20). Let l = i + -57. What are the prime factors of l?
2, 5, 11
Let m(f) = f**2 + 5*f - 11. Let n be m(-7). Suppose 15 = -5*w - 0*w, -n*i - 4*w = -48. Suppose -18*t - 44 = -i*t. What are the prime factors of t?
2, 11
Let z(u) = -18*u**3 - 20*u**2 + 63*u + 598. What are the prime factors of z(-8)?
2, 5, 11, 73
Let q = 10138 - 7184. List the prime factors of q.
2, 7, 211
Let f(g) = -587*g - 1680. What are the prime factors of f(-28)?
2, 7, 17, 31
Let d = -365 - -818. Suppose -449*z = -d*z + 2680. List the prime factors of z.
2, 5, 67
Suppose -8*f - 2*f + 50 = 0. Suppose 2*b - f = 5*t, b = 2*t - 4*t + 7. What are the prime factors of 0 - (126 - -8)/((-2)/t)?
67
Suppose -3*k = 2*q - 36356, -3*k - q + 30809 = -5549. List the prime factors of k.
2, 3, 5, 101
Let l(z) = 1019*z**2 - 767*z + 20. List the prime factors of l(5).
2, 3, 5, 19
Let k be 27/(1755/416)*10/2. Suppose k*l = 13*l + 22059. List the prime factors of l.
3, 43
Suppose -4 = 2*m + 94. Suppose -6*f + 0*f = -714. Let h = m + f. List the prime factors of h.
2, 5, 7
Suppose 1365 = -2*h - 5*t + 16121, -4*t = -3*h + 22111. What are the prime factors of h?
73, 101
Suppose -j + 890 = q, -5*j - 2*q + 2705 = -1763. What are the prime factors of j?
2, 7
Let d = -3388 - -5348. Suppose 3*y + 760 = 4*j + 2229, 4*j + d = 4*y. What are the prime factors of y?
491
List the prime factors of ((-13368)/42)/((-12)/14) + 48/(-36).
2, 5, 37
Suppose -4*m = 4*x + 8, -2*x + 0*x - 3*m = 7. Let g = -730 + 732. List the prime factors of (g - x)/(2/494).
13, 19
Let v = 18610 - 16598. What are the prime factors of v?
2, 503
Suppose a = -5*d + 38931 - 14403, 0 = -2*d + 4*a + 9820. List the prime factors of d.
2, 11, 223
Suppose 260 + 103 = 3*r. Let k be (54250/(-84))/25 - (-2)/(-12). Let t = k + r. What are the prime factors of t?
5, 19
Let v(o) = -13753*o + 11909. What are the prime factors of v(-5)?
2, 11, 19, 193
Suppose -84 = 2*z + 46. Let u = -45 - z. Suppose 5*j + u = 170. What are the prime factors of j?
2, 3, 5
Suppose 2*g - 2*f = 20, -7*g + 64 = -2*g + 2*f. List the prime factors of (4 - (-1 + -19))/(6/g).
2, 3
Let c be -14 + 14 + 4 + -1*2. Let v(y) = -4*y**3 + 4*y - y**2 - c + 0 - 2 + 2. What are the prime factors of v(-4)?
2, 3, 37
Let k be (-16)/16*22*1*-2. Suppose 4*l + 56 = k. List the prime factors of -1 - -1 - (l - 168).
3, 19
Suppose 0 = 11*t - 14*t - d + 134720, -2*t + 3*d + 89795 = 0. What are the prime factors of t?
5, 7, 1283
Suppose -821621 = -17*q - 50*q. What are the prime factors of q?
12263
Let q be (-224)/(-12) + (-1)/(-3). Suppose 3*r - q = -13. Suppose 78 = r*m + 4*m. What are the prime factors of m?
13
Suppose -36*j + 64641 = -100419. What are the prime factors of j?
5, 7, 131
What are the prime factors of -12344*((-1225)/630 + 8/18)?
2, 3